 {"id":3347,"date":"2026-03-24T10:59:18","date_gmt":"2026-03-24T09:59:18","guid":{"rendered":"https:\/\/www.lemillesium.com\/?post_type=event&#038;p=3347"},"modified":"2026-03-27T09:46:10","modified_gmt":"2026-03-27T08:46:10","slug":"balavoine-ma-bataille","status":"publish","type":"event","link":"https:\/\/www.lemillesium.com\/en\/evenement\/balavoine-ma-bataille\/","title":{"rendered":"BALAVOINE MA BATAILLE"},"featured_media":0,"template":"","acf":{"image_cover":{"id":3351,"url":"https:\/\/www.lemillesium.com\/wp-content\/uploads\/22\/2026\/03\/Balavoine_40x60_originale.jpg","title":"Balavoine_LeMillesium","alt":"","sizes":{"thumbnail":"https:\/\/www.lemillesium.com\/wp-content\/uploads\/22\/2026\/03\/Balavoine_40x60_originale-150x150.jpg","medium":"https:\/\/www.lemillesium.com\/wp-content\/uploads\/22\/2026\/03\/Balavoine_40x60_originale-200x300.jpg","large":"https:\/\/www.lemillesium.com\/wp-content\/uploads\/22\/2026\/03\/Balavoine_40x60_originale-683x1024.jpg","full":"https:\/\/www.lemillesium.com\/wp-content\/uploads\/22\/2026\/03\/Balavoine_40x60_originale.jpg"},"width":1134,"height":1701},"informations_pratiques":{"icon":2036,"title":"Informations pratiques","description":"<p>Placement assis num\u00e9rot\u00e9<br \/>\nL\u2019acc\u00e8s au site et\/ou aux places num\u00e9rot\u00e9es n\u2019est pas garanti apr\u00e8s l\u2019heure du d\u00e9but du spectacle.<\/p>\n","button":[{"link":{"title":"Acc\u00e8s &amp; parking","url":"https:\/\/www.lemillesium.com\/infos-pratiques\/acces-parking\/","target":""}},{"link":{"title":"Bar et Restauration","url":"https:\/\/www.lemillesium.com\/infos-pratiques\/bar-et-restauration\/","target":""}},{"link":{"title":"Consignes sanitaires et de s\u00e9curit\u00e9","url":"https:\/\/www.lemillesium.com\/infos-pratiques\/consignes-sanitaires-et-de-securite\/","target":""}}]},"about_us":{"title":"\u00c0 propos","description":"<p>Le spectacle<strong> Balavoine Ma Bataille<\/strong> est un hommage vibrant \u00e0 Daniel Balavoine, 40 ans apr\u00e8s sa disparition.<br \/>\nFort du succ\u00e8s de sa premi\u00e8re tourn\u00e9e en 2026, le show repart sur les routes de France avec une nouvelle s\u00e9rie<br \/>\nde dates.<\/p>\n<p>Port\u00e9 par ses anciens musiciens et une mise en sc\u00e8ne ambitieuse, le spectacle fait revivre l\u2019intensit\u00e9 et l\u2019\u00e9motion de ses plus grands titres comme <em>L\u2019Aziza<\/em>, <em>Sauver l\u2019amour<\/em> ou <em>Le chanteur.<\/em><\/p>\n<p>Un casting de <strong>7 artistes issus de la nouvelle sc\u00e8ne<\/strong> (notamment des talents de The Voice) r\u00e9interpr\u00e8te son r\u00e9pertoire avec puissance et modernit\u00e9.<\/p>\n<p>Au-del\u00e0 de l\u2019hommage musical, le projet s\u2019inscrit dans la continuit\u00e9 de ses engagements : <strong>une partie des b\u00e9n\u00e9fices est revers\u00e9e \u00e0 une association humanitaire.<\/strong><\/p>\n<p>&nbsp;<\/p>\n<p>\ud83d\udc49 Un spectacle fort, entre \u00e9motion, h\u00e9ritage musical et engagement. \ud83c\udfa4\u2728<\/p>\n","rs":false},"id_deezer":"","type_deezer":"playlist","id_spotify":"","type_spotify":"playlist","id_youtube":"3BQjEUawKnE","image_background":false,"status_places_global":"available_place","status_places_global_custom":"","background_flag":"","button_label_custom":"","subtitle":"L'hommage authentique","acf_taxonomy_type":22,"event_description":"","price_start":"","price_text":"","sessions":[{"session_date":"2026-11-29 17:00:00","programmation_vente":"2026-03-27 09:59:00","status_event":"on_sale","status_event_custom":"","title_event_custom":"","ticketing":{"url_official":"https:\/\/billetterie.lemillesium.com\/fr\/product\/4662\/le_millesium\/balavoine_ma_bataille_le_millesium_dimanche_29_novembre_2026_17_00","priority_official":"","url_fnac":"","priority_fnac":"","url_digitick":"","priority_digitick":"","url_ticketmaster":"","priority_ticketmaster":"","url_custom":"","seller_custom":"","priority_custom":"","url_custom_2":"","seller_custom_2":"","priority_custom_2":""}}],"flexible_content":false,"list_offers":false,"list_offers_2":[{"icon":1711,"titre":"Contact PMR","description":"R\u00e9servez vos places d\u00e8s maintenant !","link":{"title":"infos.psh@label-ln.com","url":"#","target":""},"desactivate_background":false}],"gallery_media_v2":false,"event_code":"event-69c14eb672ac7","event_pro":false},"yoast_head":"<!-- This site is optimized with the Yoast SEO plugin v20.1 - https:\/\/yoast.com\/wordpress\/plugins\/seo\/ -->\n<title>BALAVOINE MA BATAILLE - Le Millesium - Billetterie officielle<\/title>\n<meta name=\"description\" content=\"BALAVOINE MA BATAILLE, l&#039;hommage authentique au Millesium le 29 novembre 2026 ! Vivez un concert qui vous transporte au c\u0153ur des ann\u00e9es 80 !\" \/>\n<meta name=\"robots\" content=\"index, follow, max-snippet:-1, max-image-preview:large, max-video-preview:-1\" \/>\n<link rel=\"canonical\" href=\"https:\/\/www.lemillesium.com\/evenement\/balavoine-ma-bataille\/\" \/>\n<meta property=\"og:locale\" content=\"en_US\" \/>\n<meta property=\"og:type\" content=\"article\" \/>\n<meta property=\"og:title\" content=\"BALAVOINE MA BATAILLE - Le Millesium - Billetterie officielle\" \/>\n<meta property=\"og:description\" content=\"BALAVOINE MA BATAILLE, l&#039;hommage authentique au Millesium le 29 novembre 2026 ! Vivez un concert qui vous transporte au c\u0153ur des ann\u00e9es 80 !\" \/>\n<meta property=\"og:url\" content=\"https:\/\/www.lemillesium.com\/evenement\/balavoine-ma-bataille\/\" \/>\n<meta property=\"og:site_name\" content=\"Le Millesium\" \/>\n<meta property=\"article:modified_time\" content=\"2026-03-27T08:46:10+00:00\" \/>\n<meta name=\"twitter:card\" content=\"summary_large_image\" \/>\n<script type=\"application\/ld+json\" class=\"yoast-schema-graph\">{\"@context\":\"https:\/\/schema.org\",\"@graph\":[{\"@type\":\"WebPage\",\"@id\":\"https:\/\/www.lemillesium.com\/evenement\/balavoine-ma-bataille\/\",\"url\":\"https:\/\/www.lemillesium.com\/evenement\/balavoine-ma-bataille\/\",\"name\":\"BALAVOINE MA BATAILLE - Le Millesium - Billetterie officielle\",\"isPartOf\":{\"@id\":\"https:\/\/www.lemillesium.com\/#website\"},\"datePublished\":\"2026-03-24T09:59:18+00:00\",\"dateModified\":\"2026-03-27T08:46:10+00:00\",\"description\":\"BALAVOINE MA BATAILLE, l'hommage authentique au Millesium le 29 novembre 2026 ! Vivez un concert qui vous transporte au c\u0153ur des ann\u00e9es 80 !\",\"breadcrumb\":{\"@id\":\"https:\/\/www.lemillesium.com\/evenement\/balavoine-ma-bataille\/#breadcrumb\"},\"inLanguage\":\"en-US\",\"potentialAction\":[{\"@type\":\"ReadAction\",\"target\":[\"https:\/\/www.lemillesium.com\/evenement\/balavoine-ma-bataille\/\"]}]},{\"@type\":\"BreadcrumbList\",\"@id\":\"https:\/\/www.lemillesium.com\/evenement\/balavoine-ma-bataille\/#breadcrumb\",\"itemListElement\":[{\"@type\":\"ListItem\",\"position\":1,\"name\":\"Home\",\"item\":\"https:\/\/www.lemillesium.com\/\"},{\"@type\":\"ListItem\",\"position\":2,\"name\":\"BALAVOINE MA BATAILLE\"}]},{\"@type\":\"WebSite\",\"@id\":\"https:\/\/www.lemillesium.com\/#website\",\"url\":\"https:\/\/www.lemillesium.com\/\",\"name\":\"Le Millesium\",\"description\":\"\",\"potentialAction\":[{\"@type\":\"SearchAction\",\"target\":{\"@type\":\"EntryPoint\",\"urlTemplate\":\"https:\/\/www.lemillesium.com\/?s={search_term_string}\"},\"query-input\":\"required name=search_term_string\"}],\"inLanguage\":\"en-US\"}]}<\/script>\n<!-- \/ Yoast SEO plugin. -->","yoast_head_json":{"title":"BALAVOINE MA BATAILLE - Le Millesium - Billetterie officielle","description":"BALAVOINE MA BATAILLE, l'hommage authentique au Millesium le 29 novembre 2026 ! Vivez un concert qui vous transporte au c\u0153ur des ann\u00e9es 80 !","robots":{"index":"index","follow":"follow","max-snippet":"max-snippet:-1","max-image-preview":"max-image-preview:large","max-video-preview":"max-video-preview:-1"},"canonical":"https:\/\/www.lemillesium.com\/evenement\/balavoine-ma-bataille\/","og_locale":"en_US","og_type":"article","og_title":"BALAVOINE MA BATAILLE - Le Millesium - Billetterie officielle","og_description":"BALAVOINE MA BATAILLE, l'hommage authentique au Millesium le 29 novembre 2026 ! Vivez un concert qui vous transporte au c\u0153ur des ann\u00e9es 80 !","og_url":"https:\/\/www.lemillesium.com\/evenement\/balavoine-ma-bataille\/","og_site_name":"Le Millesium","article_modified_time":"2026-03-27T08:46:10+00:00","twitter_card":"summary_large_image","schema":{"@context":"https:\/\/schema.org","@graph":[{"@type":"WebPage","@id":"https:\/\/www.lemillesium.com\/evenement\/balavoine-ma-bataille\/","url":"https:\/\/www.lemillesium.com\/evenement\/balavoine-ma-bataille\/","name":"BALAVOINE MA BATAILLE - Le Millesium - Billetterie officielle","isPartOf":{"@id":"https:\/\/www.lemillesium.com\/#website"},"datePublished":"2026-03-24T09:59:18+00:00","dateModified":"2026-03-27T08:46:10+00:00","description":"BALAVOINE MA BATAILLE, l'hommage authentique au Millesium le 29 novembre 2026 ! Vivez un concert qui vous transporte au c\u0153ur des ann\u00e9es 80 !","breadcrumb":{"@id":"https:\/\/www.lemillesium.com\/evenement\/balavoine-ma-bataille\/#breadcrumb"},"inLanguage":"en-US","potentialAction":[{"@type":"ReadAction","target":["https:\/\/www.lemillesium.com\/evenement\/balavoine-ma-bataille\/"]}]},{"@type":"BreadcrumbList","@id":"https:\/\/www.lemillesium.com\/evenement\/balavoine-ma-bataille\/#breadcrumb","itemListElement":[{"@type":"ListItem","position":1,"name":"Home","item":"https:\/\/www.lemillesium.com\/"},{"@type":"ListItem","position":2,"name":"BALAVOINE MA BATAILLE"}]},{"@type":"WebSite","@id":"https:\/\/www.lemillesium.com\/#website","url":"https:\/\/www.lemillesium.com\/","name":"Le Millesium","description":"","potentialAction":[{"@type":"SearchAction","target":{"@type":"EntryPoint","urlTemplate":"https:\/\/www.lemillesium.com\/?s={search_term_string}"},"query-input":"required name=search_term_string"}],"inLanguage":"en-US"}]}},"_links":{"self":[{"href":"https:\/\/www.lemillesium.com\/en\/wp-json\/wp\/v2\/event\/3347"}],"collection":[{"href":"https:\/\/www.lemillesium.com\/en\/wp-json\/wp\/v2\/event"}],"about":[{"href":"https:\/\/www.lemillesium.com\/en\/wp-json\/wp\/v2\/types\/event"}],"version-history":[{"count":6,"href":"https:\/\/www.lemillesium.com\/en\/wp-json\/wp\/v2\/event\/3347\/revisions"}],"predecessor-version":[{"id":3359,"href":"https:\/\/www.lemillesium.com\/en\/wp-json\/wp\/v2\/event\/3347\/revisions\/3359"}],"wp:attachment":[{"href":"https:\/\/www.lemillesium.com\/en\/wp-json\/wp\/v2\/media?parent=3347"}],"curies":[{"name":"wp","href":"https:\/\/api.w.org\/{rel}","templated":true}]}}

<p>Placement assis numéroté<br />
L’accès au site et/ou aux places numérotées n’est pas garanti après l’heure du début du spectacle.</p>

Accès &amp; parking

Consignes sanitaires et de sécurité

À propos

<p>Le spectacle<strong> Balavoine Ma Bataille</strong> est un hommage vibrant à Daniel Balavoine, 40 ans après sa disparition.<br />
Fort du succès de sa première tournée en 2026, le show repart sur les routes de France avec une nouvelle série<br />
de dates.</p>
<p>Porté par ses anciens musiciens et une mise en scène ambitieuse, le spectacle fait revivre l’intensité et l’émotion de ses plus grands titres comme <em>L’Aziza</em>, <em>Sauver l’amour</em> ou <em>Le chanteur.</em></p>
<p>Un casting de <strong>7 artistes issus de la nouvelle scène</strong> (notamment des talents de The Voice) réinterprète son répertoire avec puissance et modernité.</p>
<p>Au-delà de l’hommage musical, le projet s’inscrit dans la continuité de ses engagements : <strong>une partie des bénéfices est reversée à une association humanitaire.</strong></p>
<p>&nbsp;</p>
<p>👉 Un spectacle fort, entre émotion, héritage musical et engagement. 🎤✨</p>

Réservez vos places dès maintenant !

<!-- This site is optimized with the Yoast SEO plugin v20.1 - https://yoast.com/wordpress/plugins/seo/ -->
<title>BALAVOINE MA BATAILLE - Le Millesium - Billetterie officielle</title>
<meta name="description" content="BALAVOINE MA BATAILLE, l&#039;hommage authentique au Millesium le 29 novembre 2026 ! Vivez un concert qui vous transporte au cœur des années 80 !" />
<meta name="robots" content="index, follow, max-snippet:-1, max-image-preview:large, max-video-preview:-1" />
<link rel="canonical" href="https://www.lemillesium.com/evenement/balavoine-ma-bataille/" />
<meta property="og:locale" content="en_US" />
<meta property="og:type" content="article" />
<meta property="og:title" content="BALAVOINE MA BATAILLE - Le Millesium - Billetterie officielle" />
<meta property="og:description" content="BALAVOINE MA BATAILLE, l&#039;hommage authentique au Millesium le 29 novembre 2026 ! Vivez un concert qui vous transporte au cœur des années 80 !" />
<meta property="og:url" content="https://www.lemillesium.com/evenement/balavoine-ma-bataille/" />
<meta property="og:site_name" content="Le Millesium" />
<meta property="article:modified_time" content="2026-03-27T08:46:10+00:00" />
<meta name="twitter:card" content="summary_large_image" />
<script type="application/ld+json" class="yoast-schema-graph">{"@context":"https://schema.org","@graph":[{"@type":"WebPage","@id":"https://www.lemillesium.com/evenement/balavoine-ma-bataille/","url":"https://www.lemillesium.com/evenement/balavoine-ma-bataille/","name":"BALAVOINE MA BATAILLE - Le Millesium - Billetterie officielle","isPartOf":{"@id":"https://www.lemillesium.com/#website"},"datePublished":"2026-03-24T09:59:18+00:00","dateModified":"2026-03-27T08:46:10+00:00","description":"BALAVOINE MA BATAILLE, l'hommage authentique au Millesium le 29 novembre 2026 ! Vivez un concert qui vous transporte au cœur des années 80 !","breadcrumb":{"@id":"https://www.lemillesium.com/evenement/balavoine-ma-bataille/#breadcrumb"},"inLanguage":"en-US","potentialAction":[{"@type":"ReadAction","target":["https://www.lemillesium.com/evenement/balavoine-ma-bataille/"]}]},{"@type":"BreadcrumbList","@id":"https://www.lemillesium.com/evenement/balavoine-ma-bataille/#breadcrumb","itemListElement":[{"@type":"ListItem","position":1,"name":"Home","item":"https://www.lemillesium.com/"},{"@type":"ListItem","position":2,"name":"BALAVOINE MA BATAILLE"}]},{"@type":"WebSite","@id":"https://www.lemillesium.com/#website","url":"https://www.lemillesium.com/","name":"Le Millesium","description":"","potentialAction":[{"@type":"SearchAction","target":{"@type":"EntryPoint","urlTemplate":"https://www.lemillesium.com/?s={search_term_string}"},"query-input":"required name=search_term_string"}],"inLanguage":"en-US"}]}</script>
<!-- / Yoast SEO plugin. -->

BALAVOINE MA BATAILLE, l'hommage authentique au Millesium le 29 novembre 2026 ! Vivez un concert qui vous transporte au cœur des années 80 !
